{"id":10,"date":"2023-03-29T21:49:56","date_gmt":"2023-03-29T21:49:56","guid":{"rendered":"https:\/\/www.chapitre1948.org\/imrg1948\/?page_id=10"},"modified":"2024-09-15T11:49:14","modified_gmt":"2024-09-15T11:49:14","slug":"bienvenue-dans-la-famille","status":"publish","type":"page","link":"https:\/\/www.chapitre1948.org\/imrg1948\/","title":{"rendered":"Bienvenue dans la famille"},"content":{"rendered":"\n<div class=\"wp-block-group is-vertical is-layout-flex wp-container-core-group-is-layout-8cf370e7 wp-block-group-is-layout-flex\">\n<p class=\"has-medium-font-size\">Merci de votre int\u00e9r\u00eat pour le groupe IMRG Chapitre 1948.<\/p>\n\n\n\n<p><\/p>\n\n\n\n<p class=\"has-medium-font-size\">La famille Indian Motorcycle est heureuse de vous pr\u00e9senter un m\u00e9lange de plaisir, d&rsquo;excitation et d&rsquo;\u00e9changes amicaux autour d&rsquo;une passion commune pour la marque Indian Motorcycle.<\/p>\n\n\n\n<p><\/p>\n\n\n\n<p class=\"has-medium-font-size\">Nous vous invitons \u00e0 rejoindre notre groupe IMRG Chapitre 1948, que vous soyez un.e motocycliste d\u00e9butant.e ou exp\u00e9riment\u00e9.e.&nbsp;que vous poss\u00e9diez une moto Indian ou non.<\/p>\n<\/div>\n\n\n\n<p><\/p>\n\n\n\n<div class=\"wp-block-group is-vertical is-layout-flex wp-container-core-group-is-layout-8cf370e7 wp-block-group-is-layout-flex\">\n<p class=\"has-medium-font-size\"><strong>En devenant membre du groupe, voici quelques avantages dont vous pourriez b\u00e9n\u00e9ficier&nbsp;:<\/strong><\/p>\n\n\n\n<ul class=\"has-medium-font-size wp-block-list\">\n<li>Caf\u00e9s rencontre aux 4 coins de la Province de Qu\u00e9bec.<\/li>\n<\/ul>\n\n\n\n<ul class=\"has-medium-font-size wp-block-list\">\n<li>Randonn\u00e9es de groupe organis\u00e9es par les membres, soit au Qu\u00e9bec, dans les autres provinces ou \u00e0 l\u2019ext\u00e9rieur du Canada.<\/li>\n<\/ul>\n\n\n\n<ul class=\"has-medium-font-size wp-block-list\">\n<li>Rabais chez certains partenaires du groupe.<\/li>\n<\/ul>\n\n\n\n<ul class=\"has-medium-font-size wp-block-list\">\n<li>Interactions avec d&rsquo;autres membres qui partagent votre passion.<\/li>\n<\/ul>\n\n\n\n<ul class=\"has-medium-font-size wp-block-list\">\n<li>Participation \u00e0 de nombreux \u00e9v\u00e9nements passionnants chez nos partenaires.<\/li>\n\n\n\n<li>Cadeaux et surprises pendant les \u00e9v\u00e8nements admissibles.<\/li>\n<\/ul>\n\n\n\n<ul class=\"has-medium-font-size wp-block-list\">\n<li>\u00c9tablir des relations au sein de notre communaut\u00e9 en soutenant notre organisme \u00e0 but non lucratif.<\/li>\n<\/ul>\n\n\n\n<blockquote class=\"wp-block-quote is-layout-flow wp-block-quote-is-layout-flow\">\n<p><\/p>\n\n\n\n<p class=\"has-black-color has-text-color has-medium-font-size\">C&rsquo;est VOTRE chapitre. Le taux de participation d\u00e9pend de vous. Il vous suffit de rejoindre notre chapitre local IMRG 1948.<\/p>\n<\/blockquote>\n\n\n\n<p class=\"has-medium-font-size\"><strong>L&rsquo;adh\u00e9sion (<a href=\"https:\/\/www.chapitre1948.org\/imrg1948\/store\/Carte-de-membre-annuel-p538289882\">carte de membre<\/a>) est seulement de 35 $ par personne<\/strong> par ann\u00e9e.<\/p>\n\n\n\n<p class=\"has-medium-font-size\">Nous avons h\u00e2te de vous rencontrer et nous esp\u00e9rons vous voir bient\u00f4t. D&rsquo;ici l\u00e0, nous vous souhaitons une belle saison!<\/p>\n\n\n\n<p class=\"has-medium-font-size\"><\/p>\n<\/div>\n","protected":false},"excerpt":{"rendered":"<p>Merci de votre int\u00e9r\u00eat pour le groupe IMRG Chapitre 1948. La famille Indian Motorcycle est heureuse de vous pr\u00e9senter un m\u00e9lange de plaisir, d&rsquo;excitation et d&rsquo;\u00e9changes amicaux autour d&rsquo;une passion commune pour la marque Indian Motorcycle. Nous vous invitons \u00e0 rejoindre notre groupe IMRG Chapitre 1948, que vous soyez un.e motocycliste d\u00e9butant.e ou exp\u00e9riment\u00e9.e.&nbsp;que vous &hellip; <a href=\"https:\/\/www.chapitre1948.org\/imrg1948\/\" class=\"more-link\">Continuer la lecture de <span class=\"screen-reader-text\">Bienvenue dans la famille<\/span> <span class=\"meta-nav\">&rarr;<\/span><\/a><\/p>\n","protected":false},"author":1,"featured_media":0,"parent":0,"menu_order":0,"comment_status":"closed","ping_status":"closed","template":"","meta":{"_mc_calendar":[],"footnotes":""},"class_list":["post-10","page","type-page","status-publish","hentry"],"_links":{"self":[{"href":"https:\/\/www.chapitre1948.org\/imrg1948\/wp-json\/wp\/v2\/pages\/10","targetHints":{"allow":["GET"]}}],"collection":[{"href":"https:\/\/www.chapitre1948.org\/imrg1948\/wp-json\/wp\/v2\/pages"}],"about":[{"href":"https:\/\/www.chapitre1948.org\/imrg1948\/wp-json\/wp\/v2\/types\/page"}],"author":[{"embeddable":true,"href":"https:\/\/www.chapitre1948.org\/imrg1948\/wp-json\/wp\/v2\/users\/1"}],"replies":[{"embeddable":true,"href":"https:\/\/www.chapitre1948.org\/imrg1948\/wp-json\/wp\/v2\/comments?post=10"}],"version-history":[{"count":12,"href":"https:\/\/www.chapitre1948.org\/imrg1948\/wp-json\/wp\/v2\/pages\/10\/revisions"}],"predecessor-version":[{"id":646,"href":"https:\/\/www.chapitre1948.org\/imrg1948\/wp-json\/wp\/v2\/pages\/10\/revisions\/646"}],"wp:attachment":[{"href":"https:\/\/www.chapitre1948.org\/imrg1948\/wp-json\/wp\/v2\/media?parent=10"}],"curies":[{"name":"wp","href":"https:\/\/api.w.org\/{rel}","templated":true}]}}