{"id":40,"date":"2023-03-29T22:56:55","date_gmt":"2023-03-29T22:56:55","guid":{"rendered":"https:\/\/www.chapitre1948.org\/imrg1948\/?page_id=40"},"modified":"2024-09-17T13:23:29","modified_gmt":"2024-09-17T13:23:29","slug":"membre-du-imrg-chapitre-1948-quebec","status":"publish","type":"page","link":"https:\/\/www.chapitre1948.org\/imrg1948\/membre-du-imrg-chapitre-1948-quebec\/","title":{"rendered":"F.A.Q. Foire aux questions"},"content":{"rendered":"\n<p class=\"has-medium-font-size\"><strong>Qui peut \u00eatre membre du groupe IMRG Chapitre 1948 Province de Qu\u00e9bec ?<\/strong><\/p>\n\n\n\n<p class=\"has-medium-font-size\">L&rsquo;adh\u00e9sion (le membership) est r\u00e9serv\u00e9 aux propri\u00e9taires d&rsquo;une Indian Motorcycle. Toute personne qui poss\u00e8de une moto Indian est \u00e9ligible.<\/p>\n\n\n\n<p class=\"has-medium-font-size\"><strong>Quel est le co\u00fbt \u00e0 d\u00e9bourser pour \u00eatre membre<\/strong>&nbsp;?<\/p>\n\n\n\n<p class=\"has-medium-font-size\">Le co\u00fbt de la carte de membre individuelle est seulement de 35 $ \/ par personne \/ par ann\u00e9e.<\/p>\n\n\n\n<p class=\"has-medium-font-size\"><strong>Comment faire pour devenir membre ?<\/strong><\/p>\n\n\n\n<p class=\"has-medium-font-size\">C&rsquo;est facile, vous pouvez vous inscrire en ligne juste <a href=\"https:\/\/www.chapitre1948.org\/imrg1948\/store\/Carte-de-membre-annuel-p538289882\" data-type=\"page\" data-id=\"8\">ici<\/a>!<\/p>\n\n\n\n<p class=\"has-medium-font-size\"><strong>Comment savoir quand ma carte de membre expire ?&nbsp;<\/strong><\/p>\n\n\n\n<p class=\"has-medium-font-size\">Votre carte de membre expire le 31 d\u00e9cembre de chaque ann\u00e9e. Elle est donc valide du 1e janvier au 31 d\u00e9cembre. <\/p>\n\n\n\n<p class=\"has-medium-font-size\"><strong>J&rsquo;ai perdu ma carte, comment en obtenir une nouvelle ?<\/strong><\/p>\n\n\n\n<p class=\"has-medium-font-size\"><a href=\"https:\/\/www.chapitre1948.org\/imrg1948\/contactez-nous\/\">Contactez-nous <\/a><a>&nbsp;<\/a>et nous vous ferons parvenir une nouvelle carte.<\/p>\n\n\n\n<p class=\"has-medium-font-size\"><strong>Je suis un.e futur.e propri\u00e9taire d&rsquo;une Indian Motorcycle. O\u00f9 puis-je avoir de l&rsquo;information ?<\/strong><\/p>\n\n\n\n<p class=\"has-medium-font-size\">Venez joindre notre groupe Facebook. Nous serons heureux de vous accueillir dans la famille.&nbsp;<a href=\"https:\/\/www.facebook.com\/groups\/763755323700546\/\" target=\"_blank\" rel=\"noreferrer noopener\">Cliquez ici et faites-nous la demande.<\/a><\/p>\n\n\n\n<p class=\"has-medium-font-size\"><strong>Puis-je sugg\u00e9rer un \u00e9v\u00e9nement &nbsp;?<\/strong><\/p>\n\n\n\n<p class=\"has-medium-font-size\">Bien s\u00fbr! Envoyez les d\u00e9tails \u00e0 <a href=\"https:\/\/www.chapitre1948.org\/imrg1948\/contactez-nous\/\">contactez-nous<\/a><a>&nbsp;<\/a>et n&rsquo;oubliez pas d&rsquo;inclure la date de l&rsquo;\u00e9v\u00e9nement, l&rsquo;heure, le lieu , la destination, l&rsquo;heure approximative de l&rsquo;\u00e9v\u00e9nement\/du trajet et tout autre d\u00e9tail important pour que les membres puissent participer.<\/p>\n\n\n\n<p class=\"has-medium-font-size\"><strong>Quels sont les avantages d&rsquo;\u00eatre membre<\/strong>?<\/p>\n\n\n\n<p class=\"has-medium-font-size\">Obtenir des rabais chez nos partenaires&nbsp;<a href=\"https:\/\/www.chapitre1948.org\/imrg1948\/partenaires\/\">ici<\/a><a href=\"https:\/\/www.cmlnet.com\/commanditaires\/\">&nbsp;<\/a><\/p>\n\n\n\n<p class=\"has-medium-font-size\">Des activit\u00e9s m\u00e9morables avec des passionn\u00e9s. Voir&nbsp;le calendrier <a href=\"https:\/\/www.chapitre1948.org\/imrg1948\/my-calendar\/\">\u00e9v\u00e9nements<\/a><a href=\"https:\/\/www.chapitre1948.org\/imrg1948\/events\/\">.<\/a><\/p>\n\n\n\n<p class=\"has-medium-font-size\">Le plaisir de partager votre passion avec des gens de coeur.<\/p>\n\n\n\n<p class=\"has-medium-font-size\">Des caf\u00e9s rencontre dans votre r\u00e9gion. Voir&nbsp;le calendrier <a href=\"https:\/\/www.chapitre1948.org\/imrg1948\/events\/\">\u00e9v\u00e9nements.<\/a><\/p>\n\n\n\n<p class=\"has-medium-font-size\">Un repas inclus lors de votre participation \u00e0 certains \u00e9v\u00e8nements.<\/p>\n\n\n\n<p class=\"has-medium-font-size\">Des cadeaux et des surprises pendant les \u00e9v\u00e8nements admissibles.<\/p>\n\n\n\n<p class=\"has-medium-font-size\"><strong>Puis-je vous \u00e9crire des commentaires constructifs?<\/strong><\/p>\n\n\n\n<p class=\"has-medium-font-size\">Nous aimerions entendre vos commentaires. Vous \u00eates toujours les bienvenues de nous les transmettes \u00e0 <a href=\"https:\/\/www.chapitre1948.org\/imrg1948\/contactez-nous\/\">contactez-nous<\/a><\/p>\n","protected":false},"excerpt":{"rendered":"<p>Qui peut \u00eatre membre du groupe IMRG Chapitre 1948 Province de Qu\u00e9bec ? L&rsquo;adh\u00e9sion (le membership) est r\u00e9serv\u00e9 aux propri\u00e9taires d&rsquo;une Indian Motorcycle. Toute personne qui poss\u00e8de une moto Indian est \u00e9ligible. Quel est le co\u00fbt \u00e0 d\u00e9bourser pour \u00eatre membre&nbsp;? Le co\u00fbt de la carte de membre individuelle est seulement de 35 $ \/ &hellip; <a href=\"https:\/\/www.chapitre1948.org\/imrg1948\/membre-du-imrg-chapitre-1948-quebec\/\" class=\"more-link\">Continuer la lecture de <span class=\"screen-reader-text\">F.A.Q. Foire aux questions<\/span> <span class=\"meta-nav\">&rarr;<\/span><\/a><\/p>\n","protected":false},"author":1,"featured_media":0,"parent":0,"menu_order":0,"comment_status":"closed","ping_status":"closed","template":"","meta":{"_mc_calendar":[],"footnotes":""},"class_list":["post-40","page","type-page","status-publish","hentry"],"_links":{"self":[{"href":"https:\/\/www.chapitre1948.org\/imrg1948\/wp-json\/wp\/v2\/pages\/40","targetHints":{"allow":["GET"]}}],"collection":[{"href":"https:\/\/www.chapitre1948.org\/imrg1948\/wp-json\/wp\/v2\/pages"}],"about":[{"href":"https:\/\/www.chapitre1948.org\/imrg1948\/wp-json\/wp\/v2\/types\/page"}],"author":[{"embeddable":true,"href":"https:\/\/www.chapitre1948.org\/imrg1948\/wp-json\/wp\/v2\/users\/1"}],"replies":[{"embeddable":true,"href":"https:\/\/www.chapitre1948.org\/imrg1948\/wp-json\/wp\/v2\/comments?post=40"}],"version-history":[{"count":17,"href":"https:\/\/www.chapitre1948.org\/imrg1948\/wp-json\/wp\/v2\/pages\/40\/revisions"}],"predecessor-version":[{"id":648,"href":"https:\/\/www.chapitre1948.org\/imrg1948\/wp-json\/wp\/v2\/pages\/40\/revisions\/648"}],"wp:attachment":[{"href":"https:\/\/www.chapitre1948.org\/imrg1948\/wp-json\/wp\/v2\/media?parent=40"}],"curies":[{"name":"wp","href":"https:\/\/api.w.org\/{rel}","templated":true}]}}